 126*t. What are the prime factors of f?
2, 3, 11, 61
Let z be 3/((-2)/(4/(-3))). Suppose 3*x = -3*l - z*l + 18, 2 = 2*x. Let m(c) = 12*c**2 - 8*c + 4. List the prime factors of m(l).
2, 11
Let u(x) = 4*x**3 + x**2 - 50*x + 490. What are the prime factors of u(12)?
2, 23, 151
Suppose -12*g - 9 = -33. Let y(s) = 73*s + 28. List the prime factors of y(g).
2, 3, 29
Let d(i) = 3*i + 57. Let a be d(18). Suppose 519 = 3*f - a. List the prime factors of f.
2, 3, 5, 7
Let c be ((-399)/9 - -7) + 4/(-6). Let n = 40 + c. Suppose 2 = n*b, -3*b = -4*z + 5*z - 204. List the prime factors of z.
3, 67
Suppose 18 = -3*o + 6*o, 3*a - 242550 = 4*o. List the prime factors of a.
2, 40429
Let u(m) = -m**3 + m**2 + 16*m + 13171. List the prime factors of u(0).
13171
What are the prime factors of (-6448)/(-312)*83/(-6)*9*-3?
3, 31, 83
Let a(k) = -5*k**3 + 27*k**2 - 19*k - 71. Let c(q) = 7*q**3 - 26*q**2 + 18*q + 72. Let h(d) = 3*a(d) + 2*c(d). What are the prime factors of h(27)?
2, 3, 137
Suppose -h + 0*w - 3*w + 10 = 0, 2*h = 3*w + 2. Suppose 7*q - 10*q + 199 = -h*v, 0 = 3*q - 5*v - 197. What are the prime factors of q?
3, 23
What are the prime factors of (4 + -5 + 45785 - (2 - -4))*1?
2, 47, 487
Suppose 637 = 5*a - 4403. Let y = 2109 - a. What are the prime factors of y?
3, 367
Let m(f) = -6*f + 148. Let c be m(23). Suppose 0 = c*p - 1156 - 574. List the prime factors of p.
173
Let s = -89 - -92. Suppose -s*j = -17 - 115. What are the prime factors of j?
2, 11
Let u(s) be the first derivative of -s**4/4 + 11*s**3/3 - 13*s**2/2 + 12*s - 13. Let f be u(10). What are the prime factors of ((-9)/(-6))/(f/(-804))?
67
Suppose -5*c - 60 = -5. Let v(h) be the third derivative of -h**4/12 - 13*h**3/6 - 18*h**2. List the prime factors of v(c).
3
Suppose 22*y - 264118 = -6*y - 19426. List the prime factors of y.
3, 971
Let m be ((-13)/(-7) - 2) + 240/112. Suppose 3*h - 430 = -2*a + 4*a, -m*h + 5*a = -305. Let x = h - 125. List the prime factors of x.
3, 5
Let d(y) be the third derivative of -y**5/60 + 5*y**4/6 + 15*y**3/2 + y**2. Let g = -14260 + 14279. What are the prime factors of d(g)?
2
List the prime factors of (3937 + (2 - 6))/((-3)/(-42)).
2, 3, 7, 19, 23
Suppose 2*a - 2 = -18. Let h = 352 + a. Suppose -4*p + 0*p + h = 0. What are the prime factors of p?
2, 43
Let h(f) = 4 - 2*f - 12 - 3. Let o be h(-6). Suppose -3*r - o = -4*k - 20, 7 = 2*r + 3*k. What are the prime factors of r?
5
Let d be (-6)/(-10) - (-122598)/70. Suppose 7*y - 2847 = d. What are the prime factors of y?
3, 73
Let s(f) = -43*f**3 - 6*f**2 - 2*f - 4. Let v = 152 + -154. What are the prime factors of s(v)?
2, 5
Let a be 38/(-6) + 1/3. Let x(l) = 4*l**2 + l + 11. Let f(u) = 3*u**2 - 3*u + 8. Let b(v) = 3*f(v) - 2*x(v). What are the prime factors of b(a)?
2, 13
Suppose -3*t - 516 = -4*q + q, 5*q + t = 866. Suppose j - 4*x - q = 0, -2*j + 7*x + 357 = 10*x. List the prime factors of j.
3, 59
Suppose d = 2*c - 7 - 4, -2*c - 5*d = 7. Let w(a) = 24*a**2 + 16*a - 30. What are the prime factors of w(c)?
2, 11, 19
What are the prime factors of (-6)/(-16) + ((-258183)/(-24) - -19)?
13, 829
Let y = 31165 - 15002. List the prime factors of y.
7, 2309
Suppose 49*c = 50*c + n - 17565, 5*c - 5*n = 87765. What are the prime factors of c?
3, 1951
Suppose 5*z + 0 + 18 = q, 0 = 5*q + 5*z. Let j(f) = -f**3 - 7*f**2 + 16*f - 6. Let b be j(-9). Suppose -q*g + b = g. List the prime factors of g.
3
Let k = -36 - -469. Let u = 77 - -597. Let i = u - k. List the prime factors of i.
241
Let c(z) = -z**3 + 53*z**2 - 126*z + 143. What are the prime factors of c(44)?
11, 1093
Suppose 5*q = -2*v - 102, 0*v = v - 5*q + 66. Let y = v + 314. What are the prime factors of y?
2, 3, 43
Let l(z) = 43*z + 189. Suppose -3*a + 69 = 4*w, 2*w - 4*w + 6 = 0. List the prime factors of l(a).
2, 503
Suppose 0 = 130*v - 202*v + 376200. What are the prime factors of v?
5, 11, 19
Let y(u) = -155*u + 18403. List the prime factors of y(0).
7, 11, 239
Suppose 0 = 4*w - 8, 2*p - 77*w - 67806 = -79*w. List the prime factors of p.
7, 29, 167
Let j(m) = -226*m + 28. Let l be j(-3). Suppose -6*f + 2548 = l. List the prime factors of f.
307
Let z(x) = 21*x - 28. Let h(l) = -l + 1. Let t(p) = 3*h(p) + z(p). Let m be 3/(-51)*2 + (-276)/(-34). What are the prime factors of t(m)?
7, 17
Let y(l) = -l**3 + 5*l**2 + 4*l - 18. Let q be y(5). Suppose 8*n - 7*n = m + 525, q*n + 3*m = 1035. What are the prime factors of n?
2, 3, 29
Let r(z) = 315*z**3 + 3*z**2 - 5*z - 3. What are the prime factors of r(2)?
11, 229
Suppose 0 = -10*f + 16*f - 210. Suppose -2*g + 1694 = 4*d, g + 3*d + f = 883. What are the prime factors of g?
5, 13
Suppose 142*z - 32340 = 114*z. What are the prime factors of z?
3, 5, 7, 11
Let q = 65503 + -41072. List the prime factors of q.
11, 2221
Suppose -2*l + 22*n = 21*n - 2862, -3*n - 5718 = -4*l. List the prime factors of l.
2, 3, 239
Suppose 142 - 966 = g. Let s be 42/70 + (g/(-10) - 0). Suppose a = 4*l + s, 12 = -3*a - 2*l + 261. List the prime factors of a.
83
Suppose 3*b = -4*p - 2, -p + 2 + 5 = -3*b. List the prime factors of ((-37)/b)/((-34)/68)*-13.
13, 37
Let l(d) = 21*d**2 - 4*d - 21. Let z be l(-8). What are the prime factors of 1 + 1/(5/z)?
2, 17
Let u = -85 - 238. Let n = u - -785. What are the prime factors of n?
2, 3, 7, 11
List the prime factors of ((-190)/(-10) - 10) + 6909.
2, 3, 1153
Let c(p) = 2*p**3 + 2*p**2 + 4*p + 2. Let j = -105 - -104. Let l be c(j). List the prime factors of 2*1028/(-16)*l.
257
Let k be (-322)/12 + (-4 + -1)/30. Let t = k - -72. Suppose 13*p - 14*p + t = 0. List the prime factors of p.
3, 5
Suppose 0 = -5*u - 0*y - y + 5865, 0 = 3*u + 5*y - 3541. What are the prime factors of u?
2, 293
Let d(k) = 471*k - 75. Let f be d(37). What are the prime factors of (f/(-108))/(6/(-27))?
3, 241
Let f = -11 - -263. Suppose -3*a + f = n, -4*n + 2*n + 3*a = -486. What are the prime factors of n?
2, 3, 41
Suppose -3*n - 15 = 0, 0 = -c - 6*n + 10*n - 456. Let a = c - -1159. What are the prime factors of a?
683
Suppose -12*w = 2*w. Let u(n) = 20*n**2 - 4*n + 32*n**2 + 1 + w*n - 3. What are the prime factors of u(-1)?
2, 3
Suppose 15*u + 6 = 17*u. Suppose -73 = -u*s - 160. What are the prime factors of (s - -2)*6*(-5)/10?
3
Let x = 5710 - -4796. What are the prime factors of x?
2, 3, 17, 103
Let o = 5674 + -3820. List the prime factors of o.
2, 3, 103
List the prime factors of (1469 - 9)*(-6)/(-10).
2, 3, 73
Suppose -2*v + 3*c + 35188 = 0, -4*v + 70322 = -36*c + 39*c. What are the prime factors of v?
5, 3517
Suppose -5*g - 4*c = -32253, -4*g = 128*c - 131*c - 25790. List the prime factors of g.
6449
Let c be ((-48)/(-72))/((-4)/(-30)). Suppose 0 = 4*y + y - 4*t - 1944, -t = c*y - 1939. List the prime factors of y.
2, 97
Suppose -6*w + 23419 = 5*m - 4*w, -4*m + w + 18730 = 0. Suppose -19*y = -7420 - m. List the prime factors of y.
7, 13
Suppose 5*x = -w, -2*x + x + w - 6 = 0. List the prime factors of (-40)/40 + (-101)/x.
2, 5
Suppose -2*q - 5*p + 1200 = -2220, 3392 = 2*q - 2*p. Suppose -5*o = -2*x + 885, 7*x + 4*o = 3*x + q. What are the prime factors of x?
2, 5, 43
Let h = -65 - -69. Let t be -1*(-141 + 0 + h). Suppose 8*x - 673 = -t. List the prime factors of x.
67
Suppose 39*p - 44*p + 15 = 0. Suppose -a = -p*w - 419, -2*a - w = 2*a - 1663. What are the prime factors of a?
2, 13
Suppose 3*m - 4*m - 806 = -12475. What are the prime factors of m?
7, 1667
Let f be -3*(105723/27)/(-17). Let b(j) = -j - 1. Let w be b(-7). Suppose g = -3, w*h - h - f = 2*g. List the prime factors of h.
137
Suppose -4*b + y - 568 = 0, 3*b + 4*y + 588 = -b. Let s = 891 + b. What are the prime factors of s?
2, 11, 17
Suppose 3*q - 7*q = 8. Let m be (0/q)/(4/2). Suppose -7*y + 11 + 339 = m. List the prime factors of y.
2, 5
Suppose 0 = -c + 5*h + 18, 2*h + 14 = 5*c - 7. Suppose c*j + 152 = 161. Suppose 2*i - 4*b - 238 = 0, -j*i - 3*b + 133 + 260 = 0. List the prime factors of i.
127
What are the prime factors of (-392*(-35389)/1032)/((-2)/(-12))?
2, 7, 823
Let d = -1425 + 2700. Suppose -85*u = -80*u - d. What are the prime factors of u?
3, 5, 17
Suppose 0 = h + 5 - 7. Suppose h*k + 38 = -46. Let u = k - -62. What are the prime factors of u?
2, 5
Suppose -4*z + 10 = 3*t + 2, 0 = -4*t + 2*z - 26. List the prime factors of ((-1454)/t)/(1/2).
727
Let